t -1 (base 6) to base 12.
-1
-15 (base 7) to base 11
-11
Convert -147 (base 8) to base 10.
-103
253 (base 7) to base 4
2020
-7c (base 14) to base 6
-302
What is 18 (base 16) in base 15?
19
What is -10 (base 4) in base 11?
-4
23 (base 6) to base 10
15
-4 (base 5) to base 4
-10
Convert 2 (base 7) to base 3.
2
What is -1 (base 3) in base 12?
-1
Convert 11001 (base 2) to base 5.
100
Convert 6 (base 13) to base 12.
6
Convert -2 (base 16) to base 9.
-2
-1 (base 5) to base 16
-1
Convert -1 (base 9) to base 16.
-1
Convert -101 (base 2) to base 16.
-5
1 (base 8) to base 5
1
Convert -3 (base 11) to base 2.
-11
-b (base 13) to base 3
-102
17 (base 8) to base 12
13
16 (base 13) to base 15
14
What is 12 (base 15) in base 11?
16
Convert 0 (base 8) to base 11.
0
44 (base 7) to base 3
1012
What is -37 (base 16) in base 11?
-50
3 (base 11) to base 14
3
6 (base 15) to base 3
20
11101 (base 2) to base 13
23
Convert -1 (base 8) to base 10.
-1
What is 2 (base 13) in base 4?
2
What is -12 (base 7) in base 2?
-1001
-24 (base 6) to base 3
-121
Convert c0 (base 13) to base 3.
12210
Convert -31 (base 10) to base 4.
-133
7 (base 16) to base 15
7
What is 6 (base 7) in base 3?
20
What is 100 (base 4) in base 16?
10
7 (base 10) to base 16
7
What is 35 (base 8) in base 10?
29
What is -20 (base 4) in base 15?
-8
Convert -11101 (base 2) to base 16.
-1d
Convert -1 (base 10) to base 3.
-1
Convert 0 (base 13) to base 11.
0
63 (base 8) to base 3
1220
What is 6 (base 7) in base 14?
6
1 (base 2) to base 7
1
4 (base 9) to base 3
11
What is -55 (base 12) in base 7?
-122
What is 2220 (base 3) in base 15?
53
178 (base 13) to base 6
1124
1 (base 8) to base 12
1
Convert -22 (base 10) to base 9.
-24
-2111 (base 3) to base 15
-47
What is -3232 (base 4) in base 15?
-10d
Convert 224 (base 5) to base 10.
64
Convert -2 (base 13) to base 6.
-2
What is 4 (base 14) in base 4?
10
16 (base 8) to base 11
13
Convert 251 (base 6) to base 10.
103
Convert -3 (base 15) to base 4.
-3
Convert 14 (base 15) to base 9.
21
-112 (base 10) to base 16
-70
Convert -221 (base 3) to base 13.
-1c
What is -21002 (base 3) in base 13?
-119
What is -18 (base 14) in base 4?
-112
What is -115 (base 10) in base 12?
-97
Convert -2221 (base 3) to base 4.
-1033
What is 2 (base 4) in base 7?
2
263 (base 10) to base 13
173
What is 12 (base 6) in base 11?
8
What is 46 (base 16) in base 8?
106
Convert -2 (base 9) to base 12.
-2
350 (base 6) to base 9
163
Convert 5 (base 15) to base 12.
5
What is 113 (base 4) in base 5?
43
1202 (base 3) to base 8
57
1 (base 14) to base 11
1
Convert 0 (base 16) to base 14.
0
What is -4 (base 15) in base 5?
-4
What is -115 (base 10) in base 15?
-7a
What is -1300 (base 5) in base 14?
-104
Convert a (base 15) to base 14.
a
What is -5 (base 14) in base 15?
-5
a (base 16) to base 7
13
What is -4 (base 14) in base 16?
-4
-5 (base 16) to base 4
-11
Convert 3 (base 12) to base 3.
10
Convert 10 (base 2) to base 7.
2
What is -3 (base 12) in base 10?
-3
Convert -4 (base 6) to base 15.
-4
-4 (base 11) to base 4
-10
Convert -3 (base 6) to base 13.
-3
What is -1 (base 4) in base 7?
-1
What is -3 (base 15) in base 5?
-3
103 (base 8) to base 12
57
Convert 1101 (base 3) to base 9.
41
What is 13 (base 11) in base 15?
e
Convert 2 (base 5) to base 4.
2
-bd (base 14) to base 12
-11b
What is -2 (base 15) in base 2?
-10
-5 (base 16) to base 6
-5
Convert 2 (base 14) to base 6.
2
-8 (base 9) to base 3
-22
Convert 3 (base 14) to base 13.
3
What is -1b6 (base 13) in base 11?
-26a
14 (base 8) to base 9
13
Convert -33 (base 4) to base 11.
-14
18 (base 13) to base 5
41
-3 (base 6) to base 14
-3
Convert 210 (base 5) to base 11.
50
Convert -7 (base 14) to base 2.
-111
-221 (base 5) to base 12
-51
Convert 7 (base 9) to base 12.
7
-2 (base 8) to base 13
-2
Convert -2 (base 3) to base 9.
-2
-13 (base 8) to base 14
-b
What is -15 (base 6) in base 2?
-1011
14 (base 9) to base 3
111
1 (base 3) to base 13
1
Convert -8 (base 16) to base 11.
-8
12 (base 4) to base 3
20
What is -332 (base 4) in base 15?
-42
What is -3 (base 10) in base 16?
-3
-3c (base 16) to base 7
-114
15 (base 8) to base 11
12
What is -92 (base 15) in base 13?
-a7
Convert 2010 (base 3) to base 5.
212
157 (base 9) to base 4
2011
What is -54 (base 6) in base 4?
-202
What is 79 (base 11) in base 2?
1010110
-1 (base 9) to base 15
-1
11 (base 11) to base 10
12
-1 (base 6) to base 4
-1
What is -d (base 14) in base 6?
-21
Convert -7 (base 15) to base 3.
-21
What is -7 (base 11) in base 12?
-7
-34 (base 6) to base 2
-10110
What is -3 (base 9) in base 16?
-3
11 (base 2) to base 15
3
What is 12d (base 16) in base 13?
1a2
Convert 240 (base 7) to base 12.
a6
-33 (base 10) to base 12
-29
287 (base 9) to base 11
1aa
1 (base 15) to base 2
1
Convert -5 (base 12) to base 9.
-5
What is -3 (base 6) in base 7?
-3
Convert -230 (base 4) to base 10.
-44
What is 1231 (base 6) in base 8?
463
-7 (base 11) to base 12
-7
21 (base 3) to base 4
13
0 (base 11) to base 16
0
4 (base 14) to base 9
4
What is -1 (base 2) in base 10?
-1
What is 0 (base 2) in base 11?
0
Convert -322 (base 5) to base 13.
-69
-2b (base 15) to base 14
-2d
0 (base 11) to base 4
0
9 (base 12) to base 10
9
-11 (base 3) to base 12
-4
Convert -35 (base 6) to base 4.
-113
What is 4 (base 7) in base 4?
10
What is 10 (base 4) in base 9?
4
What is -12a (base 11) in base 2?
-10011001
What is 21 (base 3) in base 8?
7
-18 (base 11) to base 7
-25
What is 221 (base 3) in base 6?
41
104 (base 10) to base 7
206
-8 (base 13) to base 6
-12
What is -1 (base 12) in base 15?
-1
-1 (base 12) to base 4
-1
-515 (base 7) to base 15
-122
-71 (base 9) to base 5
-224
What is -1 (base 12) in base 15?
-1
-3 (base 14) to base 2
-11
What is -1113 (base 5) in base 14?
-b4
Convert -10a (base 13) to base 9.
-218
Convert 52 (base 15) to base 2.
1001101
Convert 3 (base 14) to base 5.
3
-2 (base 14) to base 13
-2
Convert 0 (base 16) to base 14.
0
Convert 32 (base 13) to base 6.
105
Convert 56 (base 16) to base 2.
1010110
-4 (base 15) to base 12
-4
Convert 1 (base 5) to base 13.
1
76 (base 15) to base 2
1101111
Convert -4 (base 8) to base 10.
-4
What is -311 (base 4) in base 6?
-125
Convert 30 (base 7) to base 8.
25
What is -52 (base 11) in base 9?
-63
What is b3 (base 13) in base 5?
1041
What is -24 (base 9) in base 3?
-211
Convert -2332 (base 4) to base 8.
-276
What is 11 (base 11) in base 15?
c
Convert 0 (base 5) to base 2.
0
Convert 24 (base 5) to base 3.
112
-2 (base 12) to base 15
-2
What is 11 (base 3) in base 13?
4
320 (base 4) to base 10
56
3 (base 15) to base 2
11
10100 (base 2) to base 15
15
What is -41 (base 7) in base 2?
-11101
What is 110 (base 16) in base 5?
2042
What is 3 (base 15) in base 10?
3
Convert 15 (base 13) to base 11.
17
Convert 0 (base 5) to base 10.
0
Convert 0 (base 4) to base 9.
0
Convert 100 (base 3) to base 16.
9
-43 (base 12) to base 10
-51
What is 9 (base 10) in base 6?
13
c (base 14) to base 6
20
What is -6 (base 11) in base 16?
-6
What is 101 (base 3) in base 16?
a
What is -5 (base 10) in base 2?
-101
110 (base 7) to base 9
62
What is -67 (base 11) in base 2?
-1001001
What is 3 (base 13) in base 11?
3
What is 2 (base 11) in base 5?
2
6 (base 11) to base 9
6
Convert 35 (base 8) to base 2.
11101
Convert 10 (base 13) to base 14.
d
-1 (base 12) to base 4
-1
-51 (base 8) to base 12
-35
What is -20 (base 6) in base 13?
-c
What is 13 (base 16) in base 10?
19
Convert -13 (base 14) to base 15.
-12
What is -1a (base 15) in base 7?
-34
What is 0 (base 12) in base 10?
0
3 (base 12) to base 16
3
What is 223 (base 4) in base 7?
61
Convert 100 (base 4) to base 7.
22
What is 2 (base 5) in base 16?
2
What is -26 (base 8) in base 10?
-22
Convert 18 (base 14) to base 8.
26
41 (base 7) to base 12
25
-113 (base 5) to base 13
-27
What is 7a (base 11) in base 7?
153
Convert -5 (base 6) to base 16.
-5
What is -8 (base 12) in base 15?
-8
Convert 2 (base 10) to base 13.
2
What is -176 (base 8) in base 7?
-240
Convert 1 (base 2) to base 5.
1
Convert -3 (base 9) to base 4.
-3
What is -144 (base 5) in base 12?
-41
Convert 10 (base 13) to base 11.
12
What is -5 (base 12) in base 13?
-5
Convert -32 (base 15) to base 4.
-233
Convert 13 (base 4) to base 3.
21
What is 110 (base 9) in base 3?
10100
What is 42 (base 6) in base 8?
32
1 (base 12) to base 4
1
What